o base 7
-201443
Convert -5863 (base 14) to base 4.
-3300033
Convert 2535 (base 8) to base 12.
965
What is 5774 (base 8) in base 4?
233330
227 (base 12) to base 3
102211
Convert -11a3 (base 12) to base 11.
-1554
Convert 450 (base 16) to base 10.
1104
-103240 (base 5) to base 12
-2096
Convert -11010111011001 (base 2) to base 7.
-55122
Convert 3002231 (base 4) to base 13.
5897
Convert 10b (base 13) to base 10.
180
37c8 (base 16) to base 3
201120220
-11120101120 (base 3) to base 13
-31c35
What is 862 (base 15) in base 2?
11101100100
Convert -82b (base 15) to base 5.
-24331
-126541 (base 8) to base 3
-2020212220
Convert 12000010 (base 3) to base 9.
5003
Convert -2d2c (base 15) to base 16.
-25f5
Convert 4a60 (base 11) to base 13.
3009
Convert b337 (base 12) to base 15.
5b8d
What is -42421 (base 5) in base 10?
-2861
59c (base 13) to base 6
4302
What is -7269 (base 14) in base 10?
-19693
What is 73 (base 16) in base 11?
a5
-241010 (base 5) to base 4
-2022300
Convert 125 (base 10) to base 6.
325
Convert -1203232 (base 5) to base 16.
-572d
What is 2444 (base 7) in base 11?
761
Convert 1333222 (base 4) to base 8.
17752
What is 93 (base 10) in base 4?
1131
Convert -cfb0 (base 16) to base 12.
-26928
-4410 (base 5) to base 2
-1001011101
-a918 (base 14) to base 15
-89d6
What is 172 (base 10) in base 6?
444
What is 11755 (base 8) in base 14?
1c05
2202020 (base 3) to base 5
31004
3de (base 16) to base 12
6a6
-13524 (base 14) to base 9
-72335
22121 (base 3) to base 14
128
What is -35644 (base 7) in base 14?
-3524
What is 1107 (base 11) in base 5?
21314
Convert 1033 (base 7) to base 10.
367
What is -612 (base 7) in base 3?
-102020
Convert -131321 (base 4) to base 3.
-2121212
Convert -8b46 (base 12) to base 3.
-210012200
What is 465 (base 7) in base 11?
201
-1332 (base 12) to base 10
-2198
What is 2073 (base 12) in base 8?
6727
What is -21413 (base 5) in base 4?
-113023
What is 104d (base 14) in base 3?
10212012
120201221 (base 3) to base 15
35ed
What is -1022112 (base 3) in base 11?
-7a2
Convert 118ab (base 12) to base 8.
56303
320200 (base 4) to base 9
4857
What is -3aaa (base 16) in base 11?
-10313
Convert 21211 (base 6) to base 8.
5507
Convert 24 (base 6) to base 9.
17
Convert 1bb (base 13) to base 16.
143
357a7 (base 12) to base 10
71983
Convert 3ab8 (base 12) to base 8.
15154
Convert -949 (base 16) to base 14.
-c1b
What is 2131113 (base 5) in base 3?
1211221110
Convert -1201 (base 3) to base 6.
-114
2435 (base 14) to base 8
14257
What is -332031 (base 4) in base 10?
-3981
What is -4715 (base 8) in base 14?
-cb3
Convert 1172 (base 8) to base 5.
10014
What is -1191 (base 10) in base 9?
-1563
What is -12104 (base 5) in base 6?
-4104
-5461 (base 13) to base 12
-6964
-4b (base 13) to base 14
-47
-665 (base 8) to base 16
-1b5
10110 (base 2) to base 4
112
1175 (base 12) to base 5
30321
What is -2133300 (base 4) in base 8?
-23760
What is -10002 (base 3) in base 15?
-58
5370 (base 10) to base 3
21100220
What is -4a (base 11) in base 5?
-204
What is 7628 (base 13) in base 7?
65615
-c8d0 (base 15) to base 16
-a5ff
What is -22a9 (base 14) in base 16?
-178d
6060 (base 7) to base 3
2212210
25314 (base 6) to base 11
2936
Convert -502 (base 11) to base 16.
-25f
834 (base 9) to base 10
679
What is -20828 (base 11) in base 7?
-154165
-10f38 (base 16) to base 9
-115216
-6c1 (base 14) to base 12
-941
What is 8c (base 16) in base 2?
10001100
533405 (base 6) to base 3
2012202112
-1315 (base 6) to base 5
-2320
What is 8370 (base 13) in base 3?
220221010
What is -b23 (base 15) in base 13?
-11ac
Convert -5582 (base 13) to base 12.
-6aa8
25122 (base 7) to base 9
10023
-1010110111 (base 2) to base 4
-22313
Convert -101001100000111 (base 2) to base 5.
-1140010
-1111011101001 (base 2) to base 10
-7913
What is -1121134 (base 5) in base 7?
-112542
Convert -5430 (base 8) to base 2.
-101100011000
What is -74d2 (base 14) in base 10?
-20176
-932 (base 10) to base 13
-569
Convert -1237 (base 8) to base 7.
-1646
What is 1210011 (base 3) in base 11?
a82
-516 (base 9) to base 4
-12210
b1b1 (base 16) to base 12
223a9
Convert 12131013 (base 4) to base 12.
13373
-606 (base 15) to base 13
-804
Convert 310 (base 12) to base 14.
23a
What is 1414 (base 7) in base 13?
334
-3509 (base 13) to base 6
-54245
Convert -3038 (base 9) to base 8.
-4256
Convert 1fa2 (base 16) to base 15.
25ed
3130221 (base 4) to base 7
56112
What is 2031040 (base 5) in base 4?
20013312
What is 101233 (base 5) in base 10?
3318
Convert -2410 (base 6) to base 4.
-21012
What is -821 (base 12) in base 2?
-10010011001
376 (base 12) to base 16
20a
Convert -15212 (base 8) to base 2.
-1101010001010
What is -932 (base 16) in base 13?
-10c1
2342130 (base 5) to base 14
11b71
4171 (base 12) to base 16
1be5
What is 59a (base 12) in base 11?
6a2
What is -430 (base 10) in base 12?
-2ba
Convert 161 (base 16) to base 6.
1345
-1e9 (base 16) to base 14
-26d
6666 (base 13) to base 4
3133020
Convert 35e (base 15) to base 2.
1011111100
224221 (base 6) to base 2
100101010010101
What is -14927 (base 12) in base 9?
-43664
117a (base 11) to base 6
11043
What is 12200211 (base 3) in base 7?
15052
Convert 2310 (base 5) to base 7.
651
Convert -1521155 (base 6) to base 12.
-431bb
46240 (base 7) to base 15
375d
2ab (base 12) to base 13
263
Convert -a94 (base 13) to base 16.
-713
What is -100210202 (base 3) in base 7?
-26561
Convert 101111001 (base 2) to base 9.
458
Convert 4764 (base 8) to base 9.
3441
343020 (base 5) to base 2
10111111100100
What is -3663 (base 10) in base 3?
-12000200
-1506 (base 15) to base 11
-3427
-2423 (base 5) to base 15
-193
What is -22210 (base 6) in base 10?
-3102
Convert 3320 (base 9) to base 10.
2448
-1500 (base 10) to base 4
-113130
Convert -3102211 (base 4) to base 6.
-142221
What is 4140331 (base 5) in base 14?
1ac08
-2836 (base 9) to base 8
-4133
76e4 (base 16) to base 7
154510
Convert -184 (base 9) to base 7.
-313
Convert 310244 (base 5) to base 8.
23532
Convert 14 (base 14) to base 3.
200
13634 (base 7) to base 13
1925
-2010 (base 4) to base 7
-246
What is 22104 (base 5) in base 6?
11025
2333112 (base 5) to base 7
236044
-232312 (base 4) to base 12
-189a
Convert 1122200 (base 4) to base 12.
3428
Convert -153 (base 10) to base 3.
-12200
Convert -203e (base 16) to base 11.
-6224
1509 (base 10) to base 6
10553
-111101000 (base 2) to base 9
-602
What is 748 (base 16) in base 3?
2120001
-597 (base 15) to base 8
-2363
-2a68 (base 14) to base 12
-4444
Convert -370 (base 10) to base 15.
-19a
What is 4ba2 (base 15) in base 7?
65006
7b (base 13) to base 16
66
Convert -118e (base 16) to base 5.
-120434
1444 (base 5) to base 13
162
What is -13210 (base 4) in base 2?
-111100100
What is -44430 (base 7) in base 11?
-8456
Convert 1d02 (base 14) to base 7.
21302
1145 (base 6) to base 7
551
5716 (base 10) to base 13
27a9
-122 (base 11) to base 2
-10010001
What is -184 (base 16) in base 12?
-284
-651 (base 15) to base 10
-1426
Convert 32 (base 8) to base 11.
24
Convert 17e (base 15) to base 7.
1001
10214 (base 5) to base 14
36c
1403 (base 13) to base 6
21152
Convert -506 (base 13) to base 16.
-353
What is -211000 (base 4) in base 15?
-a7d
-21341 (base 5) to base 4
-112333
-2210211 (base 3) to base 14
-a63
1220311 (base 4) to base 5
203314
What is -35a77 (base 12) in base 5?
-4304004
-15246 (base 9) to base 12
-6036
Convert -17085 (base 12) to base 3.
-1200011202
Convert -628 (base 13) to base 11.
-873
What is -1414 (base 5) in base 6?
-1030
-3010020 (base 4) to base 11
-9481
-221310 (base 4) to base 14
-d92
Convert 154554 (base 6) to base 3.
210000221
-a43 (base 14) to base 10
-2019
Convert 16472 (base 11) to base 9.
34726
-114 (base 12) to base 8
-240
What is 11011010100110 (base 2) in base 5?
421430
703 (base 14) to base 10
1375
-354 (base 10) to base 11
-2a2
Convert 21033 (base 4) to base 14.
303
Convert 2535 (base 9) to base 3.
2121012
Convert 1202002 (base 3) to base 11.
a56
-223 (base 12) to base 15
-160
What is -122422 (base 6) in base 14?
-3dca
What is -486 (base 15) in base 6?
-4430
Convert -d2 (base 15) to base 8.
-305
-1001000100 (base 2) to base 13
-358
-1010000110100100 (base 2) to base 8
-120644
-4268 (base 16) to base 3
-212022122
20d (base 15) to base 10
463
What is 222012 (base 3) in base 9?
865
Convert 10100101001100 (bas